ne p(-6).
13
Let s(d) = -106*d**3 + 3*d**2 - 4*d + 1. Give s(1).
-106
Let f(h) = h**3 - h**2 + 6. What is f(0)?
6
Let t(r) = 5*r**2 - 5*r + 3. Determine t(3).
33
Let c(k) = 9*k**2 + 27*k + 57. Give c(-2).
39
Let g(f) = 48*f + 133. Calculate g(-5).
-107
Let o(m) = -5*m - 8. What is o(2)?
-18
Let f(v) = -2*v**2 + 57*v + 46. Give f(29).
17
Let c(a) = a**2 - a - 4. Calculate c(-8).
68
Let d(w) = 23*w + 3. Determine d(-4).
-89
Let r(m) = -3*m + 10. What is r(5)?
-5
Let c(b) = -b**3 - 18*b**2 - 31*b + 22. Give c(-16).
6
Let s(f) = 22*f - 3. Give s(-1).
-25
Let a(k) = 4*k - 23. Calculate a(4).
-7
Let l(i) = -10*i + 32. Determine l(15).
-118
Let l(v) = -3*v**2 + 14*v + 15. What is l(5)?
10
Let u(l) = l**3 + 7*l**2 + 8*l + 14. Determine u(-6).
2
Let n(c) = c**3 - 10*c**2 + 4. Give n(8).
-124
Let y(f) = 3*f - 14. Calculate y(7).
7
Let d(x) = -3*x**3 - 6*x**2 + 2*x - 4. Give d(-3).
17
Let s(k) = -6*k + 77. What is s(10)?
17
Let j(z) = 2*z**2 - 11*z + 1. Give j(5).
-4
Let t(q) = -q**3 + 8*q**2 - 17*q + 5. Calculate t(5).
-5
Let t(k) = k**3 - 13*k**2 - 2*k + 29. Give t(13).
3
Let p(u) = -33*u + 464. Determine p(14).
2
Let m(n) = 2*n**2 - 9*n + 31. Calculate m(6).
49
Let i(y) = -7*y + 216. Give i(33).
-15
Let u(f) = -f**3 + 6*f**2 - 10*f + 24. Determine u(7).
-95
Let w(c) = 2*c**2 - 2*c - 1. What is w(4)?
23
Let a(g) = -4*g - 8. Determine a(-4).
8
Let c(x) = x**2 - 3*x - 6. Determine c(-4).
22
Let z(p) = 19*p - 16. Give z(-6).
-130
Let d(x) = -26*x + 366. What is d(14)?
2
Let h(b) = -50*b - 192. Give h(-4).
8
Let j(u) = -u**2 - 7*u + 6. Determine j(-7).
6
Let c(k) = 3*k**2 + 8*k - 3. What is c(-4)?
13
Let r(x) = -x**3 + 4*x**2 + 4*x - 1. Give r(3).
20
Let m(h) = h**3 + 6*h**2 - 9*h - 11. Determine m(-7).
3
Let l(r) = -r**3 - 17*r**2 - 15*r - 8. Give l(-16).
-24
Let y(o) = o - 1. Determine y(-2).
-3
Let i(d) = d**3 + 11*d**2 - 9*d + 4. What is i(-12)?
-32
Let c(x) = -x**3 - 5*x**2 + 11*x + 7. Give c(-6).
-23
Let x(h) = h**3 + 4*h**2 + 9*h + 9. What is x(-4)?
-27
Let h(x) = -2*x**2 - 72*x + 60. What is h(-37)?
-14
Let c(w) = 6*w**2 + w. What is c(1)?
7
Let v(s) = -8*s**3 - s**2 + 6*s - 6. Calculate v(1).
-9
Let h(g) = -g**3 - 12*g**2 - 21*g - 14. Calculate h(-10).
-4
Let z(n) = -2*n - 26. Determine z(-9).
-8
Let r(g) = g + 9. Give r(-14).
-5
Let j(g) = -g**3 - 8*g**2 + 8*g. Determine j(-9).
9
Let c(k) = -6*k - 33. Determine c(-6).
3
Let v(y) = 2*y**2 + 31*y + 8. What is v(-14)?
-34
Let z(k) = 2*k**2 - 30*k - 32. Calculate z(16).
0
Let n(d) = d**3 + 26*d**2 - 27*d - 16. Calculate n(-27).
-16
Let g(o) = o**2 + 19*o + 82. Determine g(-7).
-2
Let c(z) = -z**3 + 39*z**2 + 10*z - 386. Calculate c(39).
4
Let b(w) = -w**2 - 11*w - 16. What is b(-10)?
-6
Let u(p) = -3*p - 44. Give u(-14).
-2
Let b(g) = -g**3 + 11*g**2 - 2*g + 20. Determine b(11).
-2
Let i(p) = 3*p**2 + 22*p - 45. Calculate i(-9).
0
Let f(b) = 4*b - 13. Determine f(-5).
-33
Let f(j) = -2*j**3 - 3*j**2 + 6*j - 3. What is f(1)?
-2
Let p(l) = 4*l - 41. Calculate p(12).
7
Let r(a) = 8*a + 36. Give r(-2).
20
Let i(h) = -6*h - 8. What is i(-3)?
10
Let a(b) = 13*b - 137. Determine a(11).
6
Let y(z) = -4*z**3 + z**2 + 3*z + 3. Give y(-2).
33
Let v(b) = 2*b - 3. What is v(-10)?
-23
Let t(a) = a**3 + 4*a**2 - 2*a + 5. Calculate t(-5).
-10
Let a(u) = 14*u**3 + 1. Give a(-1).
-13
Let g(v) = -v**3 - 7*v**2 - v - 2. Calculate g(-7).
5
Let j(l) = l - 1. Calculate j(-6).
-7
Let f(c) = -7*c - 3. Calculate f(-11).
74
Let g(f) = -2*f**2 + 8*f - 8. Calculate g(5).
-18
Let k(d) = -d**2 + 27*d - 5. Determine k(24).
67
Let p(s) = s**3 - 2*s + 1. Determine p(1).
0
Let i(a) = 2*a**3 - 9*a**2 - a + 5. Calculate i(5).
25
Let d(y) = 4*y - 15. Give d(4).
1
Let m(i) = -i**2 + 2*i + 4. Give m(6).
-20
Let v(o) = 7*o - 3. Give v(-4).
-31
Let n(i) = i + 22. Give n(-11).
11
Let a(c) = -5*c + 8. Give a(3).
-7
Let c(a) = 2*a**3 + 25*a**2 - 12*a + 8. What is c(-13)?
-5
Let m(y) = 23*y + 139. Determine m(-7).
-22
Let l(z) = z - 10. Give l(8).
-2
Let h(z) = 5*z. What is h(2)?
10
Let u(x) = -2*x**2 + 4. Give u(-3).
-14
Let g(t) = 3*t**3 + 20*t**2 + 7*t - 10. Determine g(-6).
20
Let z(l) = -l**3 + 7*l**2 - 4*l - 6. What is z(4)?
26
Let u(g) = -3*g**3 + 2*g**2 + 4*g + 5. Calculate u(-2).
29
Let h(k) = k + 14. Give h(-5).
9
Let d(t) = -2*t**2 - 29*t + 118. What is d(-18)?
-8
Let g(s) = -s**2 - 2*s + 30. Determine g(-7).
-5
Let g(v) = v**2 - v - 172. What is g(14)?
10
Let d(r) = -4*r - 118. Determine d(-17).
-50
Let l(t) = 10*t - 18. Calculate l(9).
72
Let a(i) = -i**2 - 7*i + 25. Give a(-9).
7
Let x(m) = -7*m + 8. What is x(-9)?
71
Let c(g) = -11*g - 53. Calculate c(8).
-141
Let m(n) = -2*n**3 + 34*n**2 - 2*n + 51. Determine m(17).
17
Let l(y) = -11*y**2 + 3*y. Determine l(2).
-38
Let x(q) = -11*q - 162. Determine x(-16).
14
Let s(l) = l**2 + 24*l + 69. Determine s(-22).
25
Let c(b) = b + 1. What is c(9)?
10
Let s(t) = 8*t - 1. Calculate s(-1).
-9
Let o(c) = 7*c - 1. What is o(6)?
41
Let b(w) = -w**2 - 1. Calculate b(0).
-1
Let f(a) = a - 13. Calculate f(18).
5
Let g(i) = 5*i - 3. Determine g(-3).
-18
Let p(j) = 13*j + 5. What is p(5)?
70
Let p(z) = z**3 - 6*z**2 - 39*z + 229. Calculate p(5).
9
Let w(x) = -x**3 - 6*x**2 - 4*x. What is w(-3)?
-15
Let u(v) = -v**3 - 8*v**2 + 6*v + 26. What is u(-8)?
-22
Let g(a) = 2*a**3 - 9*a**2 + 5*a. What is g(3)?
-12
Let l(o) = -2*o**2 - 31*o + 15. Give l(-16).
-1
Let q(s) = -s**3 + 7*s**2 - 20*s + 9. Determine q(5).
-41
Let w(m) = m**3 + 16*m**2 + 16*m + 15. Calculate w(-15).
0
Let z(f) = 3*f - 5. What is z(3)?
4
Let y(m) = -2*m**3 - 12*m**2 + m + 7. What is y(-6)?
1
Let s(v) = -11*v**2 - 56*v - 11. What is s(-5)?
-6
Let z(d) = -d**3 - 19*d**2 + 21*d + 21. What is z(-20)?
1
Let m(b) = b**3 - 4*b**2 + 2*b - 1. Calculate m(3).
-4
Let b(m) = m**3 + 6*m**2 + 7*m + 1. What is b(-6)?
-41
Let j(i) = 6*i**2 + i. Give j(-1).
5
Let v(x) = x**3 - 18*x**2 + 16*x + 8. Determine v(17).
-9
Let q(t) = 4*t**2 - 17*t - 3. What is q(4)?
-7
Let g(q) = -8*q - 3. Give g(-3).
21
Let s(k) = 11*k - 134. Give s(13).
9
Let f(v) = 10*v - 134. Determine f(14).
6
Let z(d) = -5*d**2 - d + 4. What is z(-3)?
-38
Let s(d) = 24*d**3 + d**2 + 4*d - 3. Give s(1).
26
Let v(x) = x**2 + 24*x + 131. Determine v(-16).
3
Let t(f) = -18*f - 147. Determine t(-7).
-21
Let n(j) = -26*j**3 - 6*j**2 - 6*j - 1. Determine n(-1).
25
Let s(g) = -g**2 + g + 7. Give s(-6).
-35
Let a(i) = 6*i - 50. Calculate a(9).
4
Let o(n) = n**2 + 4*n. What is o(-3)?
-3
Let q(b) = -b**3 + 5*b**2 - 6*b + 4. Give q(3).
4
Let b(y) = 6*y**2 - y - 1. Give b(1).
4
Let b(c) = -4*c + 22. Determine b(9).
-14
Let b(l) = 3*l - 19. Determine b(5).
-4
Let h(r) = -r**3 - 3*r**2 + 9*r + 2. What is h(-6)?
56
Let i(g) = -2*g**2 + 2*g + 62. Calculate i(6).
2
Let u(z) = z**2 - z + 28. Give u(0).
28
Let q(w) = w**2 - 3*w - 11. Calculate q(-2).
-1
Let v(z) = 5*z**2 - 10*z - 12. What is v(-1)?
3
Let g(t) = t**2 - 6*t. Give g(8).
16
Let s(l) = l**2 - 29*l + 184. Give s(14).
-26
Let g(z) = 6*z**2 - 4*z - 14. What is g(3)?
28
Let c(i) = 77*i + 77. Determine c(-1).
0
Let m(x) = -33*x**3 - 1. What is m(1)?
-34
Let y(d) = -d**3 - 8*d**2 + 5*d + 36. Give y(-7).
-48
Let x(h) = h**3 - 6*h**2 - 6*h + 24. What is x(6)?
-12
Let l(m) = -m**3 - 3*m**2 - 4*m - 5. Calculate l(-3).
7
Let b(i) = -i**3 + 18*i**2 + 39*i + 16. Give b(20).
-4
Let j(l) = -l**3 + 8*l**2 + 2*l - 12. Calculate j(9).
-75
Let a(i) = i**3 + 8*i**2 + 10*i + 8. Give a(-6).
20
Let i(s) = -6*s**3 + s - 2. Give i(1).
-7
Let m(w) = -w**2 - 4*w - 1. What is m(-3)?
2
Let v(w) = 2*w - 1. Give v(-5).
-11
Let k(v) = 4*v**2 + 39*v - 17. Calculate k(-10).
-7
Let b(v) = v**2 + 7*v - 3. Calculate b(-8).
5
Let k(l) = -l - 5. Determine k(-6).
1
Let v(i) = -15*i + 10. Calculate v(4).
-50
Let s(l) = -l + 10. What is s(5)?
5
Let k(x) = x**3 - 7*x**2 + 9*x - 30. Give k(6).
-12
Let l(n) = 2*n**2 - 3*n - 20. Give l(-3).
7
Let f(j) = 2*j - 25. Give f(2).
-21
Let r(v) = -v**2 - 11*v - 20. What is r(-10)?
-10
Let r(d) = -3*d - 71. Give r(-21).
-8
Let l(j) = -20*j + 9. Determine l(2).
-31
Let c(r) = -r**2 - r + 2. What is c(-3)?
-4
Let i(w) = 3*w**2 + 74*w + 48. Calculate i(-24).
0
Let l(s) = 2*s**3 + 3*s**2 - 10*s - 18. Determine l(-3).
-15
Let g(y) = y**2 - 5*y - 6. Give g(-5).
44
Let b(c) = c**2 - 2*c - 2. Determine b(7).
33
Let k(w) = -w + 7. Give k(6).
1
Let c(